factor of 1431396245?
True
Does 23 divide 1263547488?
False
Does 133 divide 81875812?
False
Is 844408670 a multiple of 1775?
False
Does 32 divide 106348544?
True
Does 1212 divide 211769057?
False
Is 16763631 even?
False
Is 15 a factor of 699295?
False
Is 20270624 a multiple of 16?
True
Is 1321847 a multiple of 2?
False
Is 14275846 a multiple of 4?
False
Does 207 divide 2192815109?
False
Is 1864560 a multiple of 12?
True
Is 2042238592 a multiple of 437?
False
Is 6 a factor of 18606716?
False
Is 146 a factor of 2970758214?
True
Does 100 divide 77237324?
False
Is 1011664186 a multiple of 35?
False
Does 52 divide 8361132?
True
Is 11 a factor of 585720674?
True
Does 8 divide 22716560?
True
Is 1327259396 a multiple of 5354?
False
Is 18216848 a multiple of 2704?
True
Does 1232 divide 1605846704?
True
Is 40 a factor of 2793408?
False
Does 10989 divide 547186700?
False
Is 1548 a factor of 256016444?
False
Is 58 a factor of 225342255?
False
Is 1170927612 a multiple of 12057?
True
Does 10 divide 16295160?
True
Does 16 divide 4625886096?
True
Does 245 divide 985715514?
False
Does 245 divide 75379885?
True
Does 143 divide 12603162?
True
Does 60 divide 260482718?
False
Does 414 divide 742384800?
True
Is 371 a factor of 1720810622?
False
Is 11594895 a multiple of 126?
False
Does 8 divide 1094159183?
False
Is 6476112 a multiple of 744?
False
Is 2750 a factor of 3283524452?
False
Is 2626 a factor of 324276862?
True
Is 425 a factor of 1795532775?
True
Does 46 divide 2029196528?
True
Is 99 a factor of 436961639?
False
Does 8 divide 8887312?
True
Is 1036009809 a multiple of 9?
True
Is 1533476348 a multiple of 109?
False
Does 1413 divide 13683084?
False
Does 179 divide 307131513?
False
Does 127 divide 17733264?
True
Is 205611144 a multiple of 7162?
False
Is 33331728 a multiple of 24?
True
Is 212103747 a multiple of 867?
True
Is 14 a factor of 376255187?
False
Is 307 a factor of 31488990?
True
Does 32 divide 3080261784?
False
Is 417 a factor of 6306156?
False
Is 2709140323 a multiple of 1216?
False
Is 17 a factor of 66323184?
False
Is 3439240 a multiple of 692?
True
Is 20 a factor of 115992640?
True
Is 587 a factor of 42195321?
True
Does 6251 divide 99156274?
False
Is 245 a factor of 27790105?
True
Is 1859 a factor of 28972515?
True
Is 7797 a factor of 914720649?
True
Is 1167 a factor of 86586492?
False
Is 31418920 a multiple of 3266?
True
Is 8075420 a multiple of 235?
False
Is 474939000 a multiple of 4670?
True
Is 73850900 a multiple of 50?
True
Is 25845534 a multiple of 858?
True
Does 38 divide 70176766?
True
Is 13 a factor of 49430378?
False
Does 1252 divide 512199460?
True
Is 30 a factor of 5291760?
True
Does 16 divide 410049008?
True
Is 349 a factor of 600924?
False
Is 30 a factor of 639788945?
False
Is 1529673 a multiple of 62?
False
Is 17 a factor of 71005651?
True
Is 1895 a factor of 46294850?
True
Does 5 divide 11363925?
True
Is 340 a factor of 109607500?
True
Is 46 a factor of 15250655?
False
Does 959 divide 1165361975?
False
Is 20 a factor of 2526420?
True
Is 85 a factor of 55487791?
False
Is 8578 a factor of 770450226?
True
Does 3 divide 7536037?
False
Is 577 a factor of 1568485?
False
Does 39 divide 206020776?
True
Is 69 a factor of 73053267?
True
Is 117 a factor of 957696177?
False
Does 37 divide 162454198?
True
Is 153 a factor of 13637808?
True
Is 499 a factor of 983037485?
True
Does 3 divide 19000?
False
Does 22 divide 5198380?
True
Is 1448 a factor of 39178536?
True
Is 7 a factor of 1239830319?
True
Does 3810 divide 34453720?
False
Is 1072 a factor of 25732107?
False
Is 36 a factor of 29880144?
True
Is 7528933 a multiple of 634?
False
Is 1060 a factor of 25533520?
False
Is 9 a factor of 124345962?
True
Is 2135082397 a multiple of 15?
False
Does 288 divide 1341321?
False
Is 4 a factor of 12915121?
False
Is 65 a factor of 16090922?
False
Is 2317 a factor of 14047971?
True
Is 1919476 a multiple of 2?
True
Does 138 divide 22970906?
False
Does 3806 divide 278051657?
False
Is 71534315 a multiple of 275?
False
Does 3915 divide 375088320?
True
Is 741 a factor of 294402264?
True
Does 112 divide 422352?
True
Is 742972312 a multiple of 16?
False
Is 16 a factor of 94692032?
True
Is 7 a factor of 351770711?
False
Does 1393 divide 39906664?
True
Is 142923536 a multiple of 28?
True
Does 82 divide 25132180?
True
Is 238 a factor of 59049704?
True
Is 14 a factor of 348089420?
True
Does 1672 divide 752682568?
True
Does 43 divide 126530081?
False
Is 43891086 a multiple of 23?
False
Is 278 a factor of 457813180?
True
Is 10 a factor of 14386701?
False
Is 2684 a factor of 2178731445?
False
Is 120200282 a multiple of 659?
True
Is 19968289 a multiple of 69?
False
Is 42054753 a multiple of 365?
False
Is 6337200 a multiple of 2?
True
Is 278676657 a multiple of 8163?
True
Is 25820959 a multiple of 180?
False
Does 239 divide 1674912?
True
Is 20910879 a multiple of 99?
True
Is 345796846 a multiple of 62?
False
Is 50 a factor of 5547690?
False
Does 45 divide 80411355?
True
Is 114 a factor of 132045715?
False
Is 101781712 a multiple of 2751?
False
Is 25 a factor of 615275179?
False
Does 265 divide 14736385?
True
Is 159487967 a multiple of 2234?
False
Is 2083908274 a multiple of 2803?
False
Is 27654421 a multiple of 145?
False
Is 917201492 a multiple of 2907?
False
Is 108 a factor of 240557904?
True
Does 9 divide 71005743?
True
Is 10548398 a multiple of 799?
True
Is 764358478 a multiple of 10075?
False
Is 63 a factor of 42689241?
True
Is 807164800 a multiple of 10?
True
Does 61 divide 3313886?
True
Does 1403 divide 40386190?
False
Is 61227250 a multiple of 14?
True
Is 303 a factor of 42708176?
False
Is 33 a factor of 3111141?
True
Is 51091777 a multiple of 24?
False
Does 19 divide 90177515?
True
Does 10472 divide 3359619076?
False
Is 58 a factor of 21216919?
False
Is 3929625 a multiple of 62?
False
Is 29732844 a multiple of 124?
True
Is 14 a factor of 658773886?
False
Is 2755 a factor of 158762378?
False
Is 474669987 a multiple of 3?
True
Is 121 a factor of 213395674?
False
Is 25071312 a multiple of 174?
True
Does 23 divide 9559066?
False
Is 32 a factor of 89140697?
False
Does 998 divide 376674432?
False
Is 204167282 a multiple of 468?
False
Does 25 divide 2682452852?
False
Is 18534816 a multiple of 5556?
True
Does 5 divide 1477607680?
True
Does 605 divide 1717857241?
False
Is 128104419 a multiple of 60?
False
Is 357722975 a multiple of 19?
True
Is 19896065 a multiple of 7?
True
Is 27 a factor of 10853599?
False
Is 14864432 a multiple of 176?
True
Is 309 a factor of 16765925?
False
Is 213 a factor of 80411760?
True
Does 109 divide 106197937?
True
Does 5 divide 22588876?
False
Is 156 a factor of 12849996?
False
Does 78 divide 2078912784?
True
Is 5 a factor of 5839148?
False
Is 324785928 a multiple of 78?
False
Is 3701314 a multiple of 514?
True
Is 11 a factor of 1804558405?
False
Is 279 a factor of 11027196?
True
Does 7163 divide 778639589?
True
Is 20 a factor of 1583719360?
True
Is 553974078 a multiple of 13?
False
Does 141 divide 1778209797?
True
Is 3512060 a multiple of 82?
True
Is 939 a factor of 16963974?
True
Is 1990 a factor of 106041726?
False
Is 53749795 a multiple of 55?
True
Is 3844 a factor of 74449273?
False
Is 77451912 a multiple of 18?
True
Is 313898010 a multiple of 1110?
True
Is 64218782 a multiple of 43?
False
Is 584440136 a multiple of 4328?
True
Is 153 a factor of 7371405?
False
Is 2212123146 a multiple of 3576?
False
Is 59702900 a multiple of 20?
True
Does 412 divide 15653474?
False
Does 418 divide 275992449?
False
Does 52 divide 1725750983?
False
Does 24 divide 383420064?
True
Does 4 divide 15926880?
True
Is 267 a factor of 38686732?
False
Is 1208 a factor of 2868840544?
True
Is 252403280 a multiple of 646?
False
Is 62262524 a multiple of 5?
False
Is 69 a factor of 53921892?
False
Is 22 a factor of 44143154?
True
Is 213574988 a multiple of 384?
False
Does 15 divide 2348462520?
True
Is 19 a factor of 771926984?
True
Does 13 divide 74935516?
False
Does 407 divide 164418284?
False
Is 386469890 a multiple of 8795?
True
Is 16892554 a multiple of 2?
True
Does 41 divide 138273512?
False
Does 4098 divide 16550850?
False
Does 32 divide 1201327840?
True
Does 2 divide 1855885?
False
Is 130252752 a multiple of 684?
True
Is 414836 even?
True
Is 219 a factor of 1928601